 of 131 and 40217?
131
What is the greatest common factor of 16 and 44?
4
Calculate the greatest common divisor of 11 and 528.
11
What is the greatest common factor of 555 and 5735?
185
What is the highest common factor of 1769 and 122?
61
Calculate the highest common factor of 21 and 77.
7
What is the greatest common factor of 32 and 136?
8
Calculate the greatest common divisor of 300 and 10050.
150
Calculate the highest common factor of 855 and 105.
15
What is the greatest common divisor of 195 and 15?
15
What is the highest common factor of 1755 and 135?
135
What is the highest common factor of 140 and 20?
20
Calculate the highest common divisor of 6 and 3.
3
What is the highest common factor of 924 and 63?
21
Calculate the greatest common divisor of 4107 and 3.
3
Calculate the highest common divisor of 110 and 1045.
55
What is the greatest common factor of 36 and 594?
18
Calculate the highest common divisor of 918 and 425.
17
What is the highest common divisor of 228 and 48?
12
What is the highest common factor of 91 and 49?
7
Calculate the greatest common divisor of 4536 and 243.
81
Calculate the highest common factor of 817 and 76.
19
What is the highest common divisor of 51 and 51?
51
What is the highest common divisor of 108 and 468?
36
What is the greatest common factor of 321 and 3?
3
What is the highest common divisor of 5 and 755?
5
Calculate the highest common divisor of 270 and 162.
54
What is the greatest common divisor of 1104 and 759?
69
What is the greatest common factor of 1254 and 114?
114
What is the highest common factor of 98 and 2352?
98
What is the greatest common divisor of 4 and 3?
1
Calculate the greatest common factor of 33 and 165.
33
What is the highest common factor of 20 and 1370?
10
Calculate the greatest common divisor of 1314 and 730.
146
What is the highest common divisor of 7003 and 47?
47
What is the greatest common divisor of 156 and 260?
52
What is the highest common divisor of 81 and 432?
27
Calculate the greatest common divisor of 420 and 1092.
84
What is the greatest common divisor of 23 and 1633?
23
Calculate the greatest common divisor of 288 and 3564.
36
What is the highest common factor of 37 and 111?
37
Calculate the greatest common divisor of 60 and 2740.
20
Calculate the greatest common divisor of 21 and 21630.
21
What is the greatest common factor of 235 and 987?
47
What is the highest common factor of 24 and 54?
6
Calculate the greatest common factor of 1947 and 44.
11
Calculate the greatest common divisor of 24505 and 507.
169
What is the greatest common factor of 8608 and 128?
32
What is the greatest common factor of 19551 and 21?
21
Calculate the highest common divisor of 28 and 6132.
28
What is the highest common factor of 1525 and 25?
25
Calculate the greatest common divisor of 65024 and 127.
127
Calculate the highest common factor of 189 and 81.
27
Calculate the highest common divisor of 5117 and 903.
301
Calculate the greatest common divisor of 685 and 15.
5
Calculate the greatest common divisor of 140 and 1792.
28
Calculate the greatest common factor of 287 and 21.
7
What is the greatest common divisor of 2303 and 49?
49
What is the greatest common divisor of 64 and 1600?
64
Calculate the highest common divisor of 792 and 2244.
132
What is the greatest common factor of 301 and 215?
43
Calculate the greatest common factor of 483 and 147.
21
What is the greatest common divisor of 174 and 186?
6
What is the greatest common divisor of 3364 and 232?
116
What is the greatest common divisor of 880 and 32?
16
Calculate the highest common factor of 202 and 2929.
101
What is the greatest common divisor of 12 and 276?
12
Calculate the highest common factor of 1911 and 39.
39
What is the highest common factor of 10 and 3195?
5
What is the highest common factor of 1422 and 2291?
79
Calculate the greatest common divisor of 5628 and 67.
67
Calculate the greatest common factor of 742 and 14.
14
What is the greatest common factor of 780 and 572?
52
What is the highest common factor of 110 and 170?
10
Calculate the greatest common divisor of 21 and 1743.
21
Calculate the greatest common divisor of 105 and 30.
15
Calculate the highest common divisor of 68 and 374.
34
What is the highest common factor of 100 and 275?
25
What is the highest common divisor of 2004 and 60?
12
What is the highest common factor of 9 and 19017?
9
Calculate the greatest common divisor of 81 and 1863.
81
What is the highest common divisor of 21758 and 172?
86
Calculate the highest common divisor of 42354 and 468.
234
Calculate the highest common divisor of 84 and 308.
28
What is the greatest common factor of 4170 and 30?
30
Calculate the greatest common factor of 54 and 5913.
27
Calculate the greatest common divisor of 46 and 93104.
46
Calculate the highest common divisor of 26 and 6.
2
What is the highest common factor of 250 and 400?
50
What is the highest common factor of 1265 and 125?
5
What is the highest common factor of 65 and 247?
13
Calculate the greatest common factor of 16 and 1264.
16
Calculate the greatest common factor of 145 and 319.
29
Calculate the greatest common divisor of 1420 and 20.
20
Calculate the greatest common factor of 104 and 96.
8
What is the greatest common factor of 253 and 11?
11
Calculate the greatest common factor of 27 and 39.
3
Calculate the highest common factor of 14317 and 103.
103
Calculate the highest common factor of 1072 and 1005.
67
Calculate the highest common divisor of 1218 and 2958.
174
What is the highest common divisor of 228 and 3021?
57
Calculate the highest common factor of 21 and 49.
7
What is the greatest common factor of 5 and 65?
5
What is the greatest common factor of 86 and 6579?
43
Calculate the greatest common divisor of 111 and 37.
37
Calculate the highest common factor of 1014 and 78.
78
What is the greatest common factor of 55 and 15565?
55
Calculate the greatest common divisor of 119 and 374.
17
Calculate the highest common factor of 4 and 26.
2
What is the highest common divisor of 384 and 2616?
24
Calculate the greatest common factor of 45 and 1605.
15
What is the greatest common factor of 4 and 16?
4
Calculate the greatest common factor of 30 and 24.
6
Calculate the highest common divisor of 1995 and 1235.
95
Calculate the greatest common factor of 98 and 518.
14
What is the greatest common factor of 6240 and 30?
30
Calculate the highest common factor of 9 and 657.
9
Calculate the highest common divisor of 4046 and 21.
7
What is the greatest common divisor of 135 and 11?
1
What is the highest common divisor of 57 and 3?
3
What is the highest common factor of 2618 and 2002?
154
What is the highest common factor of 16 and 32?
16
Calculate the greatest common divisor of 708 and 12.
12
Calculate the highest common divisor of 256 and 272.
16
Calculate the greatest common factor of 354 and 6.
6
Calculate the highest common divisor of 15 and 480.
15
What is the highest common divisor of 27 and 621?
27
Calculate the greatest common factor of 3 and 2433.
3
Calculate the highest common divisor of 1602 and 3382.
178
Calculate the highest common divisor of 2618 and 231.
77
What is the greatest common factor of 2200 and 88?
88
What is the greatest common factor of 735 and 60?
15
What is the greatest common factor of 93 and 18?
3
What is the highest common factor of 42 and 1610?
14
Calculate the highest common divisor of 68 and 238.
34
What is the greatest common factor of 114 and 6?
6
Calculate the greatest common factor of 4 and 492.
4
What is the highest common divisor of 16 and 136?
8
Calculate the greatest common factor of 495 and 528.
33
What is the greatest common divisor of 130 and 440?
10
Calculate the highest common factor of 261 and 232.
29
Calculate the highest common divisor of 70 and 476.
14
Calculate the highest common factor of 381 and 4826.
127
Calculate the greatest common divisor of 50 and 850.
50
Calculate the highest common divisor of 255 and 105.
15
What is the highest common factor of 46 and 6210?
46
What is the greatest common factor of 52 and 416?
52
What is the greatest common divisor of 33 and 15?
3
Calculate the highest common divisor of 170 and 10.
10
Calculate the highest common factor of 27 and 9.
9
What is the highest common divisor of 3